
Does 4409 divide 94838559?
False
Does 75 divide 141369283?
False
Does 3082 divide 1041188978?
True
Is 65 a factor of 859826760?
True
Does 107 divide 7217899?
True
Is 613 a factor of 1246490751?
True
Is 331 a factor of 1063380530?
True
Is 130988842 a multiple of 34?
True
Is 29731000 a multiple of 325?
True
Is 50054298 a multiple of 1398?
False
Is 10 a factor of 132288759?
False
Does 42 divide 3571764249?
False
Is 487 a factor of 5088581?
False
Is 110762064 a multiple of 28?
True
Is 16474100 a multiple of 10?
True
Does 360 divide 50880356?
False
Is 324263952 a multiple of 24?
True
Is 110 a factor of 30331990?
False
Is 1226 a factor of 1910443313?
False
Is 88 a factor of 1791680?
True
Is 162 a factor of 11963052?
True
Does 259 divide 1146613274?
False
Does 444 divide 20587836?
True
Does 249 divide 211583499?
False
Is 2699083 a multiple of 994?
False
Is 135 a factor of 150877485?
True
Is 1363 a factor of 534350627?
False
Does 405 divide 92468185?
False
Does 549 divide 50190910?
False
Is 38895509 a multiple of 2?
False
Does 963 divide 571243896?
True
Is 2247739 a multiple of 4?
False
Is 600 a factor of 439603200?
True
Is 8475269 a multiple of 2?
False
Is 16404181 a multiple of 177?
False
Is 219 a factor of 132701079?
True
Does 49 divide 329080819?
False
Is 5052384 a multiple of 636?
True
Does 465 divide 10956795?
True
Does 9 divide 7777140?
False
Is 578665616 a multiple of 16?
True
Is 18529368 a multiple of 104?
True
Is 1795 a factor of 1276796065?
True
Is 54057581 a multiple of 1561?
False
Is 620543 a multiple of 124?
False
Is 42300830 a multiple of 65?
True
Is 1770509567 a multiple of 6060?
False
Is 256274375 a multiple of 7?
True
Is 13 a factor of 172089570?
False
Is 1309 a factor of 273959838?
False
Does 68 divide 58508309?
False
Is 3066252464 a multiple of 12?
False
Is 354 a factor of 83738358?
False
Is 19 a factor of 34425387?
False
Is 21 a factor of 368470?
False
Is 24 a factor of 12151872?
True
Is 54792258 a multiple of 34?
True
Is 1835 a factor of 16648955?
True
Is 7347150 a multiple of 2175?
True
Does 13 divide 173722034?
False
Is 219191474 a multiple of 97?
False
Is 219808738 a multiple of 4639?
False
Is 5820 a multiple of 3?
True
Is 57 a factor of 411141455?
False
Is 330 a factor of 223928430?
True
Is 76 a factor of 54683806?
False
Does 10604 divide 1460847771?
False
Is 102617697 a multiple of 1357?
True
Is 38 a factor of 16193054?
True
Is 2321307 a multiple of 5?
False
Is 617036564 a multiple of 79?
False
Does 672 divide 2718484913?
False
Is 2755488994 a multiple of 326?
False
Is 1224111027 a multiple of 4382?
False
Does 23 divide 75507065?
False
Does 34 divide 2285202529?
False
Does 32 divide 36880?
False
Is 155 a factor of 136672180?
True
Is 294467428 a multiple of 5247?
False
Does 84 divide 35196924?
True
Is 1784001869 a multiple of 177?
False
Does 4052 divide 514624260?
True
Is 3 a factor of 1057632?
True
Is 1493 a factor of 44521982?
False
Does 1147 divide 8121907?
True
Is 253 a factor of 5506074?
False
Is 507 a factor of 422320249?
False
Is 241 a factor of 819732098?
True
Is 728846545 a multiple of 229?
False
Is 33037072 a multiple of 16?
True
Is 4 a factor of 46041819?
False
Does 120 divide 1761120?
True
Does 624 divide 10497010?
False
Does 18 divide 23670612?
True
Is 107951545 a multiple of 3233?
False
Does 1863 divide 227988351?
True
Does 356 divide 64652340?
False
Is 28142976 a multiple of 431?
False
Does 34 divide 174484796?
False
Is 105110589 a multiple of 1199?
False
Is 64 a factor of 660726976?
True
Is 59 a factor of 1281093?
False
Is 84658229 a multiple of 9?
False
Is 237952704 a multiple of 1847?
True
Is 17 a factor of 2341572628?
False
Is 110 a factor of 3625015?
False
Is 36 a factor of 5309001?
False
Does 595 divide 37312804?
False
Is 58680890 a multiple of 360?
False
Is 83686493 a multiple of 1194?
False
Is 270918290 a multiple of 614?
True
Is 2620900 a multiple of 33?
False
Is 10145787 a multiple of 1434?
False
Does 16 divide 122884310?
False
Is 238157555 a multiple of 29?
False
Is 59079838 a multiple of 20?
False
Does 331 divide 831617884?
False
Is 81 a factor of 427853016?
True
Is 216944971 a multiple of 8?
False
Is 42 a factor of 12063408?
True
Does 14 divide 1726301200?
False
Is 343 a factor of 339952102?
True
Does 47 divide 49323803?
False
Is 16 a factor of 1397711808?
True
Is 1461 a factor of 268151940?
True
Does 1058 divide 79258078?
False
Does 636 divide 368665032?
True
Is 370 a factor of 165840660?
True
Is 2799533010 a multiple of 17?
False
Does 5491 divide 736953010?
False
Is 81995224 a multiple of 49?
False
Does 17 divide 20617396?
True
Does 88 divide 559870608?
True
Is 30 a factor of 13701720?
True
Is 503 a factor of 362906452?
True
Is 229545388 a multiple of 107?
True
Is 1220 a factor of 678879980?
True
Is 4161 a factor of 1918903404?
True
Is 439137337 a multiple of 1470?
False
Is 41 a factor of 5000425190?
True
Is 4052 a factor of 1252347588?
True
Does 1042 divide 47017425?
False
Is 2531 a factor of 163660353?
False
Is 149 a factor of 15841606?
False
Is 34969062 a multiple of 138?
True
Is 26371817 a multiple of 1048?
False
Does 547 divide 25443705?
True
Is 92930674 a multiple of 2221?
False
Does 225 divide 1166990400?
True
Does 1168 divide 364116858?
False
Does 15 divide 746923411?
False
Is 21 a factor of 28903518?
True
Is 10508076 a multiple of 3918?
True
Is 76559231 a multiple of 286?
False
Is 1706122540 a multiple of 6?
False
Is 380387380 a multiple of 132?
False
Is 60 a factor of 22929015?
False
Is 11964716 a multiple of 2678?
False
Does 30 divide 93001379?
False
Is 39112020 a multiple of 1173?
False
Is 203 a factor of 1664397?
True
Is 1408344390 a multiple of 4219?
True
Does 17 divide 1364627992?
False
Is 855 a factor of 815724720?
True
Is 244503229 a multiple of 2?
False
Does 51 divide 283966?
False
Does 86 divide 50480280?
True
Is 736786810 a multiple of 41?
True
Is 333 a factor of 841973237?
False
Does 42 divide 424578546?
True
Is 10345 a factor of 2178488448?
False
Is 544 a factor of 86467095?
False
Does 945 divide 111124986?
False
Is 14 a factor of 213947944?
True
Does 21 divide 615902893?
False
Does 30 divide 159438090?
True
Is 16 a factor of 41980704?
True
Is 314248225 a multiple of 75?
False
Does 9 divide 6208794?
True
Does 476 divide 32603833?
False
Is 531 a factor of 742864752?
True
Is 2036511911 a multiple of 237?
False
Is 1820868 a multiple of 2?
True
Is 115 a factor of 1192123135?
False
Is 108 a factor of 13824972?
True
Does 1644 divide 47432688?
True
Is 137 a factor of 37789740?
False
Is 9434 a factor of 1979545654?
True
Is 376356384 a multiple of 335?
False
Is 244771267 a multiple of 646?
False
Does 1742 divide 60740635?
False
Does 157 divide 256947142?
True
Is 278 a factor of 88625530?
False
Is 1104 a factor of 352882352?
False
Is 65317809 a multiple of 379?
False
Is 114 a factor of 116055471?
False
Is 5816758 a multiple of 3?
False
Is 2471998737 a multiple of 889?
False
Is 107226159 a multiple of 20?
False
Is 2818212979 a multiple of 59?
False
Does 88 divide 1513450752?
True
Does 44 divide 603821944?
True
Is 80126188 a multiple of 58?
True
Is 7 a factor of 38183278?
True
Is 2700 a factor of 151649428?
False
Does 139 divide 93193384?
True
Does 131 divide 334874227?
False
Is 251 a factor of 19952252?
False
Is 354 a factor of 1351131864?
False
Is 344898678 a multiple of 114?
True
Is 17 a factor of 15073888?
False
Is 2698 a factor of 19618952?
False
Does 71 divide 785403831?
False
Is 2965 a factor of 995252655?
True
Does 14 divide 33793355?
False
Does 4 divide 10347380?
True
Is 4460 a factor of 2466058880?
True
Does 8 divide 47084947?
False
Is 82418883 a multiple of 4?
False
Is 87 a factor of 1269727483?
False
Is 6235 a factor of 377859705?
True
Is 2107180 a multiple of 20?
True
Is 707437166 a multiple of 103?
True
Is 20657671 a multiple of 17?
False
Does 3598 divide 739972593?
False
Is 314 a factor of 43361295?
False
Is 50726317 a multiple of 1247?
False
Is 12005813 a multiple of 615?
False
Does 95 divide 22383003?
False
Is 95325378 a multiple of 58?
True
Is 352 a factor of 21676512?
True
Is 71331748 a multiple of 625?
False
Does 55 divide 180545745?
False
Is 301 a factor of 210244326?
False
Does 39 divide 71182916?
False
Is 15 a factor of 194689470?
True
Is 18327123 a multiple